Convert d3001 (base 16) to base 7.
10226462
Convert 39879 (base 11) to base 4.
31321330
543234 (base 6) to base 7
244426
6087161 (base 9) to base 15
441d4d
1001101110101110001000 (base 2) to base 10
2550664
What is -20010100211000 (base 3) in base 15?
-444600
Convert -716528 (base 10) to base 2.
-10101110111011110000
Convert -1220542 (base 6) to base 8.
-176756
What is -13853 (base 9) in base 13?
-43b6
231010221332 (base 4) to base 3
211020021212222
Convert 111000200202 (base 3) to base 9.
430622
8e91c (base 15) to base 10
454302
-5335335 (base 7) to base 5
-131212012
1a075 (base 15) to base 5
10200420
414441213 (base 5) to base 7
20414434
Convert -6098342 (base 10) to base 3.
-102110211100112
What is -3a216 (base 15) in base 14?
-4bb68
Convert 2583a (base 14) to base 12.
45410
-45a06 (base 14) to base 7
-1303506
What is -327644 (base 13) in base 10?
-1187450
Convert 4412134 (base 6) to base 14.
59dd8
What is 61a12 (base 12) in base 7?
1041002
What is 346777 (base 8) in base 9?
200212
Convert 100111100001000111 (base 2) to base 7.
1242622
Convert -39c3de (base 15) to base 13.
-7621bb
What is 13876 (base 10) in base 12?
8044
31471 (base 15) to base 16
26260
Convert -122100331 (base 5) to base 3.
-1002112110011
What is -110eb (base 15) in base 3?
-2202101012
Convert -1941ab (base 13) to base 7.
-5263266
What is -13504403 (base 7) in base 10?
-1262096
Convert 29940 (base 16) to base 8.
514500
Convert f071e (base 16) to base 15.
146c27
What is -83037 (base 15) in base 4?
-1211113021
Convert 6430200 (base 7) to base 5.
144433143
191056 (base 10) to base 16
2ea50
Convert -323341 (base 8) to base 13.
-3a376
-3613b2 (base 13) to base 16
-13a79e
618577 (base 10) to base 4
2113001101
What is -312231021 (base 4) in base 6?
-4445213
287e3 (base 15) to base 6
2442010
-30203022 (base 5) to base 9
-406541
-5dbbb (base 14) to base 2
-111000001010111001
3442133 (base 6) to base 15
37580
-1220100110212 (base 3) to base 13
-295094
-a0220 (base 13) to base 12
-1195b2
Convert 417410 (base 8) to base 9.
231622
Convert 2516133 (base 10) to base 2.
1001100110010010100101
Convert 30b38 (base 13) to base 9.
143131
What is -481772 (base 10) in base 2?
-1110101100111101100
Convert 1611520 (base 7) to base 14.
5aa10
What is -138765 (base 9) in base 3?
-11022212012
What is -1423789 (base 10) in base 6?
-50303341
629822 (base 10) to base 15
c6932
-24e628 (base 15) to base 9
-3286742
-1776372 (base 12) to base 11
-2836340
Convert -20304012 (base 5) to base 10.
-166132
62141172 (base 8) to base 10
13156986
What is 4a6b (base 12) in base 4?
2003303
What is -2102212012 (base 3) in base 5?
-3014021
What is -512821 (base 9) in base 6?
-10303031
Convert 10121210001 (base 3) to base 16.
11671
What is -122120010100112 (base 3) in base 11?
-52a4456
What is 34747a (base 12) in base 13?
236461
What is 1667928 (base 10) in base 15?
22e303
631888 (base 9) to base 16
5ba8a
422ce (base 15) to base 14
566c6
What is -3d983 (base 14) in base 10?
-152799
What is 11b5953 (base 12) in base 2?
1101001111111000001111
-33203522 (base 7) to base 12
-b5a268
What is -90ae0 (base 16) in base 10?
-592608
What is -422325351 (base 6) in base 8?
-34162603
What is 111022001010 (base 3) in base 2?
111111111001101101
-17d02 (base 16) to base 15
-1dd78
What is -747571 (base 8) in base 9?
-420487
Convert -146997 (base 10) to base 11.
-a0494
-2302775 (base 8) to base 12
-261225
101111011011010110110 (base 2) to base 7
16131624
35c1b (base 15) to base 2
101001110111010100
-1666 (base 8) to base 2
-1110110110
Convert -205100250 (base 6) to base 12.
-1257686
What is 2400340 (base 6) in base 15?
26d83
Convert -10021102120 (base 3) to base 10.
-64464
6523601 (base 7) to base 14
16a171
What is -132304512 (base 6) in base 2?
-1010000011110100111100
What is -110839a (base 11) in base 15?
-285dc2
What is -10297c (base 13) in base 4?
-1130013133
1264c (base 14) to base 16
b05c
What is 435d40 (base 14) in base 2?
1000101101010101110100
Convert -2021345 (base 6) to base 7.
-550430
Convert -101001011111110011010 (base 2) to base 11.
-849685
Convert 1914c (base 16) to base 10.
102732
What is -4102560 (base 8) in base 4?
-10020111300
Convert -1144003 (base 7) to base 12.
-701b7
Convert -33830 (base 11) to base 7.
-262421
What is -3db7a3 (base 15) in base 2?
-1011010110010101111111
What is -105b488 (base 13) in base 4?
-103003120021
What is -122200104 (base 5) in base 15?
-b8254
-22c1e (base 16) to base 11
-97a64
What is -134502126 (base 7) in base 11?
-4a64741
What is -76102337 (base 8) in base 13?
-34b335a
What is -3463603 (base 11) in base 5?
-3022121310
2712563 (base 8) to base 10
759155
Convert 15525153 (base 6) to base 15.
aea5c
What is 1222010112010 (base 3) in base 14?
1d3179
What is 3905619 (base 10) in base 11?
2228393
What is 10120110230 (base 4) in base 2?
100011000010100101100
-3223232102 (base 4) to base 13
-27a61c
What is -1110011001111011001 (base 2) in base 10?
-472025
-10010011010100110001 (base 2) to base 15
-bdbe6
What is 89564 (base 13) in base 8?
746544
What is 100110001011010 (base 2) in base 4?
10301122
Convert -551717 (base 11) to base 10.
-880656
62511053 (base 7) to base 8
24050015
1154134 (base 6) to base 11
42503
Convert -2867316 (base 9) to base 8.
-6015741
-21102202 (base 4) to base 7
-215635
Convert -4591740 (base 10) to base 2.
-10001100001000001111100
Convert -7d9ad (base 14) to base 7.
-2414406
-284384 (base 9) to base 5
-21030241
1050231 (base 6) to base 3
2201000101
Convert 52ab3a (base 13) to base 12.
795275
2553043 (base 6) to base 8
420123
What is 10000000110001100011101 (base 2) in base 3?
21221101022100
What is -11000100111100001011000 (base 2) in base 13?
-144c456
What is 10e08 (base 16) in base 13?
25607
Convert 1420542 (base 9) to base 13.
214766
-1030232333 (base 6) to base 11
-61a0567
Convert 22300313101 (base 4) to base 11.
1657998
What is -552403 (base 6) in base 7?
-250635
-121211222230 (base 4) to base 9
-13553434
-67442 (base 13) to base 15
-3a835
Convert -11222252 (base 6) to base 9.
-575555
Convert 6522333 (base 8) to base 13.
491a25
1211221000 (base 4) to base 11
264873
15799 (base 12) to base 14
b189
52013 (base 8) to base 12
1054b
What is -100100101100111100 (base 2) in base 12?
-72bb8
Convert -6424750 (base 8) to base 6.
-100430132
Convert -1014115312 (base 6) to base 15.
-dd73ee
-10110111011110000000 (base 2) to base 5
-143021423
What is -101011110011000011 (base 2) in base 7?
-1345006
Convert -142201 (base 8) to base 11.
-34882
What is a329 (base 13) in base 12?
11040
What is 2276b (base 14) in base 7?
466164
What is 3a1c48 (base 13) in base 10?
1403774
Convert 9841 (base 12) to base 8.
40561
What is -442151343 (base 6) in base 14?
-10abb67
21313100312 (base 4) to base 14
4b4418
Convert 10100011101110110000010 (base 2) to base 9.
11076506
63500145 (base 7) to base 5
2334101242
12210120200000 (base 3) to base 14
5a3249
What is 23764 (base 9) in base 14?
5b42
bd0475 (base 14) to base 13
1438681
bc72d (base 14) to base 10
456917
What is 12331334 (base 5) in base 13?
43009
-4c3880 (base 15) to base 2
-1101111100110101010101
Convert 13501631 (base 7) to base 5.
310324214
What is 32415454 (base 6) in base 10?
966778
What is 38347 (base 14) in base 15?
2aca1
Convert -1000110001010011101011 (base 2) to base 14.
-43bc27
What is 32255717 (base 9) in base 8?
73304110
What is 110200221110 (base 3) in base 2?
111101000010010101
11516007 (base 9) to base 13
121a3c8
Convert 10502404 (base 8) to base 3.
11020221021000
What is -122032201 (base 4) in base 8?
-321641
-10002400 (base 5) to base 15
-183ba
-3e675 (base 16) to base 7
-2113130
What is -2011021100 (base 3) in base 13?
-16449
What is -222210222111 (base 3) in base 2?
-10000000110110100110
What is 123200133 (base 4) in base 2?
11011100000011111
Convert -121122110112000 (base 3) to base 7.
-135124254
What is 165213 (base 7) in base 15?
9bc6
Convert -892273 (base 13) to base 2.
-1100010101000111011011
What is -150b7cb (base 14) in base 7?
-153061344
Convert 26366327 (base 8) to base 9.
12072120
What is 51db3 (base 14) in base 2?
110000001110011001
Convert -243ba (base 13) to base 2.
-10000010000001010
What is -2b711d (base 15) in base 13?
-586813
3a6d2e (base 15) to base 12
b34922
What is 636667 (base 9) in base 13?
103600
Co